{"id":7036,"date":"2021-01-07T12:14:07","date_gmt":"2021-01-07T11:14:07","guid":{"rendered":"https:\/\/haus-kuehl.de\/?page_id=7036"},"modified":"2021-10-12T17:57:01","modified_gmt":"2021-10-12T15:57:01","slug":"wohnungen","status":"publish","type":"page","link":"https:\/\/haus-kuehl.de\/?page_id=7036","title":{"rendered":"Wohnungen"},"content":{"rendered":"\t\t<div data-elementor-type=\"wp-page\" data-elementor-id=\"7036\" class=\"elementor elementor-7036\">\n\t\t\t\t\t\t<section class=\"elementor-section elementor-top-section elementor-element elementor-element-d8ff70c elementor-section-boxed elementor-section-height-default elementor-section-height-default\" data-id=\"d8ff70c\" data-element_type=\"section\" data-settings=\"{&quot;background_background&quot;:&quot;classic&quot;}\">\n\t\t\t\t\t\t\t<div class=\"elementor-background-overlay\"><\/div>\n\t\t\t\t\t\t\t<div class=\"elementor-container elementor-column-gap-default\">\n\t\t\t\t\t<div class=\"elementor-column elementor-col-100 elementor-top-column elementor-element elementor-element-e93a4e0\" data-id=\"e93a4e0\" data-element_type=\"column\">\n\t\t\t<div class=\"elementor-widget-wrap elementor-element-populated\">\n\t\t\t\t\t\t<div class=\"elementor-element elementor-element-ea9d87b elementor-widget elementor-widget-spacer\" data-id=\"ea9d87b\" data-element_type=\"widget\" data-widget_type=\"spacer.default\">\n\t\t\t\t<div class=\"elementor-widget-container\">\n\t\t\t\t\t<div class=\"elementor-spacer\">\n\t\t\t<div class=\"elementor-spacer-inner\"><\/div>\n\t\t<\/div>\n\t\t\t\t<\/div>\n\t\t\t\t<\/div>\n\t\t\t\t<div class=\"elementor-element elementor-element-c6ca238 elementor-widget elementor-widget-heading\" data-id=\"c6ca238\" data-element_type=\"widget\" data-widget_type=\"heading.default\">\n\t\t\t\t<div class=\"elementor-widget-container\">\n\t\t\t<h1 class=\"elementor-heading-title elementor-size-default\">Wohnungen <\/h1>\t\t<\/div>\n\t\t\t\t<\/div>\n\t\t\t\t<div class=\"elementor-element elementor-element-fc9a35a elementor-widget-divider--view-line elementor-widget elementor-widget-divider\" data-id=\"fc9a35a\" data-element_type=\"widget\" data-widget_type=\"divider.default\">\n\t\t\t\t<div class=\"elementor-widget-container\">\n\t\t\t\t\t<div class=\"elementor-divider\">\n\t\t\t<span class=\"elementor-divider-separator\">\n\t\t\t\t\t\t<\/span>\n\t\t<\/div>\n\t\t\t\t<\/div>\n\t\t\t\t<\/div>\n\t\t\t\t<div class=\"elementor-element elementor-element-5e50eec elementor-widget elementor-widget-spacer\" data-id=\"5e50eec\" data-element_type=\"widget\" data-widget_type=\"spacer.default\">\n\t\t\t\t<div class=\"elementor-widget-container\">\n\t\t\t\t\t<div class=\"elementor-spacer\">\n\t\t\t<div class=\"elementor-spacer-inner\"><\/div>\n\t\t<\/div>\n\t\t\t\t<\/div>\n\t\t\t\t<\/div>\n\t\t\t\t\t<\/div>\n\t\t<\/div>\n\t\t\t\t\t<\/div>\n\t\t<\/section>\n\t\t\t\t<section class=\"elementor-section elementor-top-section elementor-element elementor-element-ca8d5c4 elementor-section-boxed elementor-section-height-default elementor-section-height-default\" data-id=\"ca8d5c4\" data-element_type=\"section\">\n\t\t\t\t\t\t<div class=\"elementor-container elementor-column-gap-default\">\n\t\t\t\t\t<div class=\"elementor-column elementor-col-100 elementor-top-column elementor-element elementor-element-13d13e3\" data-id=\"13d13e3\" data-element_type=\"column\">\n\t\t\t<div class=\"elementor-widget-wrap elementor-element-populated\">\n\t\t\t\t\t\t<div class=\"elementor-element elementor-element-18c7655 elementor-widget elementor-widget-spacer\" data-id=\"18c7655\" data-element_type=\"widget\" data-widget_type=\"spacer.default\">\n\t\t\t\t<div class=\"elementor-widget-container\">\n\t\t\t\t\t<div class=\"elementor-spacer\">\n\t\t\t<div class=\"elementor-spacer-inner\"><\/div>\n\t\t<\/div>\n\t\t\t\t<\/div>\n\t\t\t\t<\/div>\n\t\t\t\t\t<\/div>\n\t\t<\/div>\n\t\t\t\t\t<\/div>\n\t\t<\/section>\n\t\t\t\t<section class=\"elementor-section elementor-top-section elementor-element elementor-element-95ba4a1 elementor-section-boxed elementor-section-height-default elementor-section-height-default\" data-id=\"95ba4a1\" data-element_type=\"section\">\n\t\t\t\t\t\t<div class=\"elementor-container elementor-column-gap-default\">\n\t\t\t\t\t<div class=\"elementor-column elementor-col-100 elementor-top-column elementor-element elementor-element-29c4446\" data-id=\"29c4446\" data-element_type=\"column\">\n\t\t\t<div class=\"elementor-widget-wrap elementor-element-populated\">\n\t\t\t\t\t\t<div class=\"elementor-element elementor-element-3c42fff elementor-widget elementor-widget-heading\" data-id=\"3c42fff\" data-element_type=\"widget\" data-widget_type=\"heading.default\">\n\t\t\t\t<div class=\"elementor-widget-container\">\n\t\t\t<h3 class=\"elementor-heading-title elementor-size-default\">Wir w\u00fcnschen Ihnen einen sch\u00f6nen Aufenthalt<\/h3>\t\t<\/div>\n\t\t\t\t<\/div>\n\t\t\t\t\t<\/div>\n\t\t<\/div>\n\t\t\t\t\t<\/div>\n\t\t<\/section>\n\t\t\t\t<section class=\"elementor-section elementor-top-section elementor-element elementor-element-74eec20 elementor-section-boxed elementor-section-height-default elementor-section-height-default\" data-id=\"74eec20\" data-element_type=\"section\">\n\t\t\t\t\t\t<div class=\"elementor-container elementor-column-gap-default\">\n\t\t\t\t\t<div class=\"elementor-column elementor-col-100 elementor-top-column elementor-element elementor-element-9d52a74\" data-id=\"9d52a74\" data-element_type=\"column\">\n\t\t\t<div class=\"elementor-widget-wrap elementor-element-populated\">\n\t\t\t\t\t\t<div class=\"elementor-element elementor-element-0b25e3c elementor-widget elementor-widget-text-editor\" data-id=\"0b25e3c\" data-element_type=\"widget\" data-widget_type=\"text-editor.default\">\n\t\t\t\t<div class=\"elementor-widget-container\">\n\t\t\t\t\t\t\t<p>Seit 2011 bieten wir Ihnen nun auch Ferienwohnungen, Nichtraucher. <br \/>Mit viel Liebe eingerichtet und mit allem ausgestattet, was Sie f\u00fcr einen\u00a0<br \/><span style=\"letter-spacing: 0px;\">erholsamen Urlaub brauchen.<\/span><\/p><p>Alle Wohnungen verf\u00fcgen \u00fcber eine komplett ausgestattete K\u00fcche &#8211; <br \/>Cerankochfeld, Backofen, Mikrowelle, Sp\u00fclmaschine, Kaffeemaschine, Wasserkocher, Toaster, Kaffeeautomat &#8211;<br \/>\u00a0 einen gem\u00fctlichen Wohnraum mit E\u00dfecke &#8211;\u00a0WLAN\u00a0 &#8211;\u00a0 Schlafzimmer mit Doppelbett &#8211; <br \/>Duschbad ( inkl. F\u00f6n ) &#8211; Balkon mit gem\u00fctlichen Gartenst\u00fchlen und Auflagen.<\/p><p>Kinderbett und Hochstuhl kann gestellt werden\u00a0 &#8211; kostenloser Parkplatz am Haus.<\/p><p>Wir nehmen leider keine Haustiere.<\/p><p>Unsere Wohnungen haben eine Sterneklassifizierung des Deutscher Tourismusverband bekommen.<\/p>\t\t\t\t\t\t<\/div>\n\t\t\t\t<\/div>\n\t\t\t\t\t<\/div>\n\t\t<\/div>\n\t\t\t\t\t<\/div>\n\t\t<\/section>\n\t\t\t\t<section class=\"elementor-section elementor-top-section elementor-element elementor-element-57afd56 elementor-section-boxed elementor-section-height-default elementor-section-height-default\" data-id=\"57afd56\" data-element_type=\"section\">\n\t\t\t\t\t\t<div class=\"elementor-container elementor-column-gap-default\">\n\t\t\t\t\t<div class=\"elementor-column elementor-col-100 elementor-top-column elementor-element elementor-element-6c129fe\" data-id=\"6c129fe\" data-element_type=\"column\">\n\t\t\t<div class=\"elementor-widget-wrap elementor-element-populated\">\n\t\t\t\t\t\t<div class=\"elementor-element elementor-element-327a0c1 elementor-widget elementor-widget-spacer\" data-id=\"327a0c1\" data-element_type=\"widget\" data-widget_type=\"spacer.default\">\n\t\t\t\t<div class=\"elementor-widget-container\">\n\t\t\t\t\t<div class=\"elementor-spacer\">\n\t\t\t<div class=\"elementor-spacer-inner\"><\/div>\n\t\t<\/div>\n\t\t\t\t<\/div>\n\t\t\t\t<\/div>\n\t\t\t\t\t<\/div>\n\t\t<\/div>\n\t\t\t\t\t<\/div>\n\t\t<\/section>\n\t\t\t\t<section class=\"elementor-section elementor-top-section elementor-element elementor-element-7f8b55b elementor-section-full_width elementor-section-height-default elementor-section-height-default\" data-id=\"7f8b55b\" data-element_type=\"section\">\n\t\t\t\t\t\t<div class=\"elementor-container elementor-column-gap-default\">\n\t\t\t\t\t<div class=\"elementor-column elementor-col-100 elementor-top-column elementor-element elementor-element-faa3fc8\" data-id=\"faa3fc8\" data-element_type=\"column\">\n\t\t\t<div class=\"elementor-widget-wrap elementor-element-populated\">\n\t\t\t\t\t\t<div class=\"elementor-element elementor-element-a68a4a4 elementor-widget elementor-widget-ova_service_box\" data-id=\"a68a4a4\" data-element_type=\"widget\" data-widget_type=\"ova_service_box.default\">\n\t\t\t\t<div class=\"elementor-widget-container\">\n\t\t\t\n\t\t<div class=\"ova-service-box   change-position  \">\n\t\t\t<div class=\"image-box\" style=\"background-image: url(https:\/\/haus-kuehl.de\/wp-content\/uploads\/2021\/01\/33011_480.jpg)\">\n\t\t\t\t<a href=\"\"><\/a>\n\t\t\t<\/div>\n\t\t\t<div class=\"content\">\n\t\t\t\t<p class=\"text-alpha\">1<\/p>\n\t\t\t\t<h3 class=\"title\"><a class=\"second_font\" href=\"https:\/\/haus-kuehl.de\/?page_id=7930\"  >WOHNUNG<\/a><\/h3>\n\t\t\t\t<p class=\"desc\">Diese ca. 40 m2 gro\u00dfe Ferienwohnung bietet Platz f\u00fcr zwei Erwachsene und ein Kind.  <\/p>\n\t\t\t\t<a href=\"https:\/\/haus-kuehl.de\/?page_id=7930\" class=\"read-more\" >Entdecken<\/a>\n\t\t\t<\/div>\n\t\t<\/div>\n\t\t\t\t<\/div>\n\t\t\t\t<\/div>\n\t\t\t\t\t<\/div>\n\t\t<\/div>\n\t\t\t\t\t<\/div>\n\t\t<\/section>\n\t\t\t\t<section class=\"elementor-section elementor-top-section elementor-element elementor-element-47a0cfa elementor-section-full_width elementor-section-height-default elementor-section-height-default\" data-id=\"47a0cfa\" data-element_type=\"section\">\n\t\t\t\t\t\t<div class=\"elementor-container elementor-column-gap-default\">\n\t\t\t\t\t<div class=\"elementor-column elementor-col-100 elementor-top-column elementor-element elementor-element-d2aefc4\" data-id=\"d2aefc4\" data-element_type=\"column\">\n\t\t\t<div class=\"elementor-widget-wrap elementor-element-populated\">\n\t\t\t\t\t\t<div class=\"elementor-element elementor-element-da2ee52 elementor-widget elementor-widget-ova_service_box\" data-id=\"da2ee52\" data-element_type=\"widget\" data-widget_type=\"ova_service_box.default\">\n\t\t\t\t<div class=\"elementor-widget-container\">\n\t\t\t\n\t\t<div class=\"ova-service-box   \">\n\t\t\t<div class=\"image-box\" style=\"background-image: url(https:\/\/haus-kuehl.de\/wp-content\/uploads\/2021\/01\/33143_480.jpg)\">\n\t\t\t\t<a href=\"\"><\/a>\n\t\t\t<\/div>\n\t\t\t<div class=\"content\">\n\t\t\t\t<p class=\"text-alpha\">2<\/p>\n\t\t\t\t<h3 class=\"title\"><a class=\"second_font\" href=\"https:\/\/haus-kuehl.de\/?page_id=8035\"  >WOHNUNG<\/a><\/h3>\n\t\t\t\t<p class=\"desc\">Diese ca. 40 m2 gro\u00dfe Wohnung ist optimal f\u00fcr zwei Erwachsene und ein Kind.<\/p>\n\t\t\t\t<a href=\"https:\/\/haus-kuehl.de\/?page_id=8035\" class=\"read-more\" >ENTDECKEN<\/a>\n\t\t\t<\/div>\n\t\t<\/div>\n\t\t\t\t<\/div>\n\t\t\t\t<\/div>\n\t\t\t\t\t<\/div>\n\t\t<\/div>\n\t\t\t\t\t<\/div>\n\t\t<\/section>\n\t\t\t\t<section class=\"elementor-section elementor-top-section elementor-element elementor-element-6dbe70b elementor-section-full_width elementor-section-height-default elementor-section-height-default\" data-id=\"6dbe70b\" data-element_type=\"section\">\n\t\t\t\t\t\t<div class=\"elementor-container elementor-column-gap-default\">\n\t\t\t\t\t<div class=\"elementor-column elementor-col-100 elementor-top-column elementor-element elementor-element-daa035a\" data-id=\"daa035a\" data-element_type=\"column\">\n\t\t\t<div class=\"elementor-widget-wrap elementor-element-populated\">\n\t\t\t\t\t\t<div class=\"elementor-element elementor-element-1765348 elementor-widget elementor-widget-ova_service_box\" data-id=\"1765348\" data-element_type=\"widget\" data-widget_type=\"ova_service_box.default\">\n\t\t\t\t<div class=\"elementor-widget-container\">\n\t\t\t\n\t\t<div class=\"ova-service-box   change-position  \">\n\t\t\t<div class=\"image-box\" style=\"background-image: url(https:\/\/haus-kuehl.de\/wp-content\/uploads\/2021\/01\/99814_1200.jpg)\">\n\t\t\t\t<a href=\"\"><\/a>\n\t\t\t<\/div>\n\t\t\t<div class=\"content\">\n\t\t\t\t<p class=\"text-alpha\">3<\/p>\n\t\t\t\t<h3 class=\"title\"><a class=\"second_font\" href=\"https:\/\/haus-kuehl.de\/?page_id=8037\"  >WOHNUNG<\/a><\/h3>\n\t\t\t\t<p class=\"desc\">Die 55 m2 gro\u00dfe Wohnung geht \u00fcber zwei Etagen und bietet Platz f\u00fcr vier Erwachsene und einem Kleinkind. <\/p>\n\t\t\t\t<a href=\"https:\/\/haus-kuehl.de\/?page_id=8037\" class=\"read-more\" >ENTDECKEN<\/a>\n\t\t\t<\/div>\n\t\t<\/div>\n\t\t\t\t<\/div>\n\t\t\t\t<\/div>\n\t\t\t\t\t<\/div>\n\t\t<\/div>\n\t\t\t\t\t<\/div>\n\t\t<\/section>\n\t\t\t\t<section class=\"elementor-section elementor-top-section elementor-element elementor-element-f3364ad elementor-section-full_width elementor-section-height-default elementor-section-height-default\" data-id=\"f3364ad\" data-element_type=\"section\">\n\t\t\t\t\t\t<div class=\"elementor-container elementor-column-gap-default\">\n\t\t\t\t\t<div class=\"elementor-column elementor-col-100 elementor-top-column elementor-element elementor-element-7a7a8d3\" data-id=\"7a7a8d3\" data-element_type=\"column\">\n\t\t\t<div class=\"elementor-widget-wrap elementor-element-populated\">\n\t\t\t\t\t\t<div class=\"elementor-element elementor-element-fcc3f70 elementor-widget elementor-widget-ova_service_box\" data-id=\"fcc3f70\" data-element_type=\"widget\" data-widget_type=\"ova_service_box.default\">\n\t\t\t\t<div class=\"elementor-widget-container\">\n\t\t\t\n\t\t<div class=\"ova-service-box   \">\n\t\t\t<div class=\"image-box\" style=\"background-image: url(https:\/\/haus-kuehl.de\/wp-content\/uploads\/2021\/01\/99815_1200.jpg)\">\n\t\t\t\t<a href=\"\"><\/a>\n\t\t\t<\/div>\n\t\t\t<div class=\"content\">\n\t\t\t\t<p class=\"text-alpha\">4<\/p>\n\t\t\t\t<h3 class=\"title\"><a class=\"second_font\" href=\"https:\/\/haus-kuehl.de\/?page_id=8039\"  >WOHNUNG<\/a><\/h3>\n\t\t\t\t<p class=\"desc\">Die 60 m2 gro\u00dfe Wohnung bietet viel Platz und M\u00f6glichkeiten. Gut geeignet f\u00fcr vier Erwachsene und ein Kind.<\/p>\n\t\t\t\t<a href=\"https:\/\/haus-kuehl.de\/?page_id=8039\" class=\"read-more\" >ENTDECKEN<\/a>\n\t\t\t<\/div>\n\t\t<\/div>\n\t\t\t\t<\/div>\n\t\t\t\t<\/div>\n\t\t\t\t\t<\/div>\n\t\t<\/div>\n\t\t\t\t\t<\/div>\n\t\t<\/section>\n\t\t\t\t<section class=\"elementor-section elementor-top-section elementor-element elementor-element-bf6da28 elementor-section-full_width elementor-section-height-default elementor-section-height-default\" data-id=\"bf6da28\" data-element_type=\"section\">\n\t\t\t\t\t\t<div class=\"elementor-container elementor-column-gap-default\">\n\t\t\t\t\t<div class=\"elementor-column elementor-col-100 elementor-top-column elementor-element elementor-element-66ed304\" data-id=\"66ed304\" data-element_type=\"column\">\n\t\t\t<div class=\"elementor-widget-wrap elementor-element-populated\">\n\t\t\t\t\t\t<div class=\"elementor-element elementor-element-b92017e elementor-widget elementor-widget-ova_service_box\" data-id=\"b92017e\" data-element_type=\"widget\" data-widget_type=\"ova_service_box.default\">\n\t\t\t\t<div class=\"elementor-widget-container\">\n\t\t\t\n\t\t<div class=\"ova-service-box   change-position  \">\n\t\t\t<div class=\"image-box\" style=\"background-image: url(https:\/\/haus-kuehl.de\/wp-content\/uploads\/2021\/01\/64122_1200.jpg)\">\n\t\t\t\t<a href=\"\"><\/a>\n\t\t\t<\/div>\n\t\t\t<div class=\"content\">\n\t\t\t\t<p class=\"text-alpha\">5<\/p>\n\t\t\t\t<h3 class=\"title\"><a class=\"second_font\" href=\"https:\/\/haus-kuehl.de\/?page_id=8041\"  >WOHNUNG<\/a><\/h3>\n\t\t\t\t<p class=\"desc\">Mit 55 m2 bietet diese Wohnung Platz f\u00fcr vier. Drei Erwachsene, sowie ein Kind oder zwei Erwachsene und zwei Kinder.<\/p>\n\t\t\t\t<a href=\"https:\/\/haus-kuehl.de\/?page_id=8041\" class=\"read-more\" >ENTDECKEN<\/a>\n\t\t\t<\/div>\n\t\t<\/div>\n\t\t\t\t<\/div>\n\t\t\t\t<\/div>\n\t\t\t\t\t<\/div>\n\t\t<\/div>\n\t\t\t\t\t<\/div>\n\t\t<\/section>\n\t\t\t\t<section class=\"elementor-section elementor-top-section elementor-element elementor-element-96d93c0 elementor-section-full_width elementor-section-height-default elementor-section-height-default\" data-id=\"96d93c0\" data-element_type=\"section\">\n\t\t\t\t\t\t<div class=\"elementor-container elementor-column-gap-default\">\n\t\t\t\t\t<div class=\"elementor-column elementor-col-100 elementor-top-column elementor-element elementor-element-1b89766\" data-id=\"1b89766\" data-element_type=\"column\">\n\t\t\t<div class=\"elementor-widget-wrap elementor-element-populated\">\n\t\t\t\t\t\t<div class=\"elementor-element elementor-element-0757c5b elementor-widget elementor-widget-ova_service_box\" data-id=\"0757c5b\" data-element_type=\"widget\" data-widget_type=\"ova_service_box.default\">\n\t\t\t\t<div class=\"elementor-widget-container\">\n\t\t\t\n\t\t<div class=\"ova-service-box   \">\n\t\t\t<div class=\"image-box\" style=\"background-image: url(https:\/\/haus-kuehl.de\/wp-content\/uploads\/2021\/01\/64129_1200.jpg)\">\n\t\t\t\t<a href=\"\"><\/a>\n\t\t\t<\/div>\n\t\t\t<div class=\"content\">\n\t\t\t\t<p class=\"text-alpha\">6<\/p>\n\t\t\t\t<h3 class=\"title\"><a class=\"second_font\" href=\"https:\/\/haus-kuehl.de\/?page_id=8043\"  >WOHNUNG<\/a><\/h3>\n\t\t\t\t<p class=\"desc\">Urlaub zu dritt. Mit dieser ca. 40 m2 gro\u00dfen Wohnung m\u00f6glich. Zwei Erwachse und ein Kind.<\/p>\n\t\t\t\t<a href=\"https:\/\/haus-kuehl.de\/?page_id=8043\" class=\"read-more\" >ENTDECKEN<\/a>\n\t\t\t<\/div>\n\t\t<\/div>\n\t\t\t\t<\/div>\n\t\t\t\t<\/div>\n\t\t\t\t\t<\/div>\n\t\t<\/div>\n\t\t\t\t\t<\/div>\n\t\t<\/section>\n\t\t\t\t<section class=\"elementor-section elementor-top-section elementor-element elementor-element-513108a elementor-section-boxed elementor-section-height-default elementor-section-height-default\" data-id=\"513108a\" data-element_type=\"section\">\n\t\t\t\t\t\t<div class=\"elementor-container elementor-column-gap-default\">\n\t\t\t\t\t<div class=\"elementor-column elementor-col-100 elementor-top-column elementor-element elementor-element-6288a8c\" data-id=\"6288a8c\" data-element_type=\"column\">\n\t\t\t<div class=\"elementor-widget-wrap elementor-element-populated\">\n\t\t\t\t\t\t<div class=\"elementor-element elementor-element-2afa3e3 elementor-widget elementor-widget-spacer\" data-id=\"2afa3e3\" data-element_type=\"widget\" data-widget_type=\"spacer.default\">\n\t\t\t\t<div class=\"elementor-widget-container\">\n\t\t\t\t\t<div class=\"elementor-spacer\">\n\t\t\t<div class=\"elementor-spacer-inner\"><\/div>\n\t\t<\/div>\n\t\t\t\t<\/div>\n\t\t\t\t<\/div>\n\t\t\t\t\t<\/div>\n\t\t<\/div>\n\t\t\t\t\t<\/div>\n\t\t<\/section>\n\t\t\t\t<section class=\"elementor-section elementor-top-section elementor-element elementor-element-ad56141 elementor-section-boxed elementor-section-height-default elementor-section-height-default\" data-id=\"ad56141\" data-element_type=\"section\">\n\t\t\t\t\t\t<div class=\"elementor-container elementor-column-gap-default\">\n\t\t\t\t\t<div class=\"elementor-column elementor-col-50 elementor-top-column elementor-element elementor-element-71c40b6\" data-id=\"71c40b6\" data-element_type=\"column\">\n\t\t\t<div class=\"elementor-widget-wrap elementor-element-populated\">\n\t\t\t\t\t\t<div class=\"elementor-element elementor-element-5252a31 elementor-widget elementor-widget-image\" data-id=\"5252a31\" data-element_type=\"widget\" data-widget_type=\"image.default\">\n\t\t\t\t<div class=\"elementor-widget-container\">\n\t\t\t\t\t\t\t\t\t\t\t\t\t<img fetchpriority=\"high\" decoding=\"async\" width=\"714\" height=\"516\" src=\"https:\/\/haus-kuehl.de\/wp-content\/uploads\/2018\/11\/FeWo_4Sterne.jpg\" class=\"attachment-large size-large wp-image-7028\" alt=\"\" srcset=\"https:\/\/haus-kuehl.de\/wp-content\/uploads\/2018\/11\/FeWo_4Sterne.jpg 714w, https:\/\/haus-kuehl.de\/wp-content\/uploads\/2018\/11\/FeWo_4Sterne-600x434.jpg 600w, https:\/\/haus-kuehl.de\/wp-content\/uploads\/2018\/11\/FeWo_4Sterne-300x217.jpg 300w\" sizes=\"(max-width: 714px) 100vw, 714px\" \/>\t\t\t\t\t\t\t\t\t\t\t\t\t<\/div>\n\t\t\t\t<\/div>\n\t\t\t\t\t<\/div>\n\t\t<\/div>\n\t\t\t\t<div class=\"elementor-column elementor-col-50 elementor-top-column elementor-element elementor-element-aa6b30e\" data-id=\"aa6b30e\" data-element_type=\"column\">\n\t\t\t<div class=\"elementor-widget-wrap elementor-element-populated\">\n\t\t\t\t\t\t<div class=\"elementor-element elementor-element-0af6db8 elementor-widget elementor-widget-image\" data-id=\"0af6db8\" data-element_type=\"widget\" data-widget_type=\"image.default\">\n\t\t\t\t<div class=\"elementor-widget-container\">\n\t\t\t\t\t\t\t\t\t\t\t\t\t<img decoding=\"async\" width=\"718\" height=\"519\" src=\"https:\/\/haus-kuehl.de\/wp-content\/uploads\/2018\/12\/FeWo_3Sterne.jpg\" class=\"attachment-large size-large wp-image-7356\" alt=\"\" srcset=\"https:\/\/haus-kuehl.de\/wp-content\/uploads\/2018\/12\/FeWo_3Sterne.jpg 718w, https:\/\/haus-kuehl.de\/wp-content\/uploads\/2018\/12\/FeWo_3Sterne-600x434.jpg 600w, https:\/\/haus-kuehl.de\/wp-content\/uploads\/2018\/12\/FeWo_3Sterne-300x217.jpg 300w\" sizes=\"(max-width: 718px) 100vw, 718px\" \/>\t\t\t\t\t\t\t\t\t\t\t\t\t<\/div>\n\t\t\t\t<\/div>\n\t\t\t\t\t<\/div>\n\t\t<\/div>\n\t\t\t\t\t<\/div>\n\t\t<\/section>\n\t\t\t\t<\/div>\n\t\t","protected":false},"excerpt":{"rendered":"<p>Wohnungen Wir w\u00fcnschen Ihnen einen sch\u00f6nen Aufenthalt Seit 2011 bieten wir Ihnen nun auch Ferienwohnungen, Nichtraucher. Mit viel Liebe eingerichtet und mit allem ausgestattet, was Sie f\u00fcr einen\u00a0erholsamen Urlaub brauchen. Alle Wohnungen verf\u00fcgen \u00fcber eine komplett ausgestattete K\u00fcche &#8211; Cerankochfeld, Backofen, Mikrowelle, Sp\u00fclmaschine, Kaffeemaschine, Wasserkocher, Toaster, Kaffeeautomat &#8211;\u00a0 einen gem\u00fctlichen Wohnraum mit E\u00dfecke &#8211;\u00a0WLAN\u00a0 &#8211;\u00a0 [&hellip;]<\/p>\n","protected":false},"author":1,"featured_media":0,"parent":0,"menu_order":0,"comment_status":"closed","ping_status":"closed","template":"elementor_header_footer","meta":{"footnotes":""},"class_list":["post-7036","page","type-page","status-publish","hentry"],"_links":{"self":[{"href":"https:\/\/haus-kuehl.de\/index.php?rest_route=\/wp\/v2\/pages\/7036","targetHints":{"allow":["GET"]}}],"collection":[{"href":"https:\/\/haus-kuehl.de\/index.php?rest_route=\/wp\/v2\/pages"}],"about":[{"href":"https:\/\/haus-kuehl.de\/index.php?rest_route=\/wp\/v2\/types\/page"}],"author":[{"embeddable":true,"href":"https:\/\/haus-kuehl.de\/index.php?rest_route=\/wp\/v2\/users\/1"}],"replies":[{"embeddable":true,"href":"https:\/\/haus-kuehl.de\/index.php?rest_route=%2Fwp%2Fv2%2Fcomments&post=7036"}],"version-history":[{"count":182,"href":"https:\/\/haus-kuehl.de\/index.php?rest_route=\/wp\/v2\/pages\/7036\/revisions"}],"predecessor-version":[{"id":9312,"href":"https:\/\/haus-kuehl.de\/index.php?rest_route=\/wp\/v2\/pages\/7036\/revisions\/9312"}],"wp:attachment":[{"href":"https:\/\/haus-kuehl.de\/index.php?rest_route=%2Fwp%2Fv2%2Fmedia&parent=7036"}],"curies":[{"name":"wp","href":"https:\/\/api.w.org\/{rel}","templated":true}]}}